en m is divided by 10?
9
Let k = 8 + -6. Let b be 6/(-9) + 2/3. Suppose b*o - o = -3. What is the remainder when o is divided by k?
1
What is the remainder when 390/(-40)*(-8)/3 is divided by 15?
11
Suppose n - 4*z - 72 = 0, -n + 14 = -3*z - 63. Suppose -h + 40 = i, -4*i + 4*h + n = -28. Calculate the remainder when i is divided by 9.
8
Let r = -12 + 26. Suppose 2*p - 3*b - 17 = 0, -4*p = -5*b + r - 45. Suppose p*a = 2*v - 42, -a - 25 = -v - 3*a. Calculate the remainder when v is divided by 8.
7
Let x be 3/(-6) + (-18)/(-4). Suppose -x*y + j = -13, 5 = y - 4*j + 13. Suppose -y = 4*q, -13 - 35 = -4*n - 4*q. What is the remainder when 38 is divided by n?
12
Suppose -4*d = 13 - 69. What is the remainder when 83 is divided by d?
13
Suppose 45 = 2*n + 1. Suppose -n = -2*w - 4. Calculate the remainder when 33 is divided by w.
6
Let b(k) = 6*k + 7. What is the remainder when 98 is divided by b(3)?
23
What is the remainder when 52 is divided by 9/21 - 1422/(-63)?
6
Let k(t) be the third derivative of -3*t**4/8 - t**3/3 + 4*t**2. What is the remainder when 74 is divided by k(-3)?
24
Let m be (-29)/(-6) + 2/12. Let o(s) = -1 - 3*s + m + s. What is the remainder when o(-4) is divided by 7?
5
Let f = 46 + -19. Suppose -58*a + 59*a - 105 = 0. Calculate the remainder when a is divided by f.
24
Let j = -28 + 48. What is the remainder when 55 is divided by j?
15
Let x(n) = -n**3 - 2*n**2 - n + 3. Let r be (-2)/(-3) - 38/3. Let a = -4 - r. Calculate the remainder when x(-3) is divided by a.
7
Suppose 0 = 3*n - 6. Let g(s) = 12*s - 4. Let q(t) = -t - 1. Let a(j) = g(j) - 5*q(j). Calculate the remainder when a(n) is divided by 12.
11
Suppose -202 = 5*t - 77. Calculate the remainder when 77 is divided by -1 - (1 + t - -3).
17
Let q(p) = p**2 + 9*p - 7. Let t be q(-10). Calculate the remainder when 7 is divided by 15/3 - 3/t.
3
Suppose 3*o + 3*z = -2*o + 26, z - 22 = -5*o. What is the remainder when o is divided by 2?
0
Let v(h) = -h + 3. Let j(m) = -m**3 - 5*m**2 - m - 1. Let w be -5*(0 - 1 - -2). What is the remainder when v(-6) is divided by j(w)?
1
Let m(r) = r**2 + 10*r + 12. What is the remainder when 6 is divided by m(-9)?
0
Let t = -26 + 40. Calculate the remainder when 1149/21 - (-2)/7 is divided by t.
13
Let i(r) = -r + 7. Suppose x + 5*z + 24 = 0, -17 = -2*x - 2*z + 5*z. Let o = 7 - x. What is the remainder when 2 is divided by i(o)?
0
Suppose m = 5*d + 6, 2*m + 4*d + 29 = 5*m. Let p = m + -10. Calculate the remainder when 2 is divided by p.
0
Suppose 5*n + 3*t = -5, -n - 5*t - 27 = -2*n. Suppose 4*a - 13 = x - 3, a + 1 = 2*x. Calculate the remainder when a is divided by n.
1
Suppose 3*t - 3*x - 27 = 0, -5*t + 3*x + 0*x + 43 = 0. What is the remainder when t is divided by 3?
2
Let z be 90/21 + 4/(-14). Let b(a) = 3*a**2 - 6*a + 1. What is the remainder when b(z) is divided by 7?
4
Let i(u) = 2*u**2 + 31. What is the remainder when i(0) is divided by 17?
14
Let n(a) = -a**3 - 4*a**2 - 2. Suppose 0 = -0*x + 4*x + 12. Let g be (-5)/x*3/(-1). What is the remainder when n(g) is divided by 8?
7
Calculate the remainder when 382/5 + (-4)/10 is divided by 39.
37
Let c(w) = w**3 - 5*w**2 + 4*w + 15. What is the remainder when c(5) is divided by 18?
17
Suppose -1 - 19 = -5*g. Let f = g + 15. Suppose -i + 8 = n, -4*n + 3*i = -2*i - 59. Calculate the remainder when f is divided by n.
8
Calculate the remainder when 2/((-3)/276*-4) is divided by 12.
10
Suppose -4*t + 44 = 4*f, -t - 3*f = -7 - 10. Let x(r) = -5*r**3 - 3*r**2 - r + 1. Calculate the remainder when x(-2) is divided by t.
7
Let y = 27 - 21. Let g be (3/(-6))/(2/(-48)). Suppose 6*z - 3*z = g. What is the remainder when y is divided by z?
2
Let u be -6*(-2)/(-6)*3. Calculate the remainder when 10 is divided by u/5*(2 - 7).
4
Calculate the remainder when 13 is divided by 0 + (-5)/((-1)/1).
3
Suppose -3*o + 56 = 4*s + o, 3*s - 7 = 4*o. Calculate the remainder when (26/3)/(1/3) is divided by s.
8
Suppose -4 = 4*p - 5*p. Suppose 0 = -3*k + p*k - 89. What is the remainder when k is divided by 30?
29
Let x(z) = -z**3 - 6*z**2 + 6*z - 1. Suppose -3*n + 0*n = 3, 2*t = -4*n. Suppose 0 = -0*y - t*y + 22. Calculate the remainder when y is divided by x(-7).
5
Suppose -5*x + 32 = 3*v + 2, 5*v = 0. Calculate the remainder when 22 is divided by x.
4
Let o = -5 + 12. Calculate the remainder when (-52)/(-14) - (-2)/o is divided by 3.
1
Suppose 3*g - 292 = 83. What is the remainder when g is divided by 32?
29
Let d(v) = v**3 + 13*v**2 + 11*v - 12. Let w be d(-12). What is the remainder when (w + 3)*(18 + -1) is divided by 18?
15
Let h(p) = 11*p**2 + 5*p - 4. Let q be h(3). Suppose 3*g + 4*v - 66 = v, 0 = -5*g - v + q. Calculate the remainder when g is divided by 8.
6
Suppose 0 = -5*h - 3*y + 6 + 21, -2*h + 5*y = 14. What is the remainder when 8 is divided by h?
2
Let w = -16 - -39. What is the remainder when 45 is divided by w?
22
Let m(d) = -d**3 + 6*d**2 + 6*d + 6. Suppose 56 = 5*l - 49. Calculate the remainder when m(5) is divided by l.
19
Suppose 2*w + 2*s - 16 = -s, -66 = -5*w - s. Calculate the remainder when w is divided by 6.
2
Suppose -4*m + m = 2*d - 15, -3*m = -5*d + 6. Suppose 0 = -t - d*t + 44. Calculate the remainder when 21 is divided by t.
10
Suppose -73 - 12 = -4*q + l, 0 = 2*q + l - 41. What is the remainder when q is divided by (6/7)/(2/14)?
3
Calculate the remainder when 12 is divided by (-4)/(-20) - (-72)/15.
2
Suppose -f = -2*f - 4*q - 16, 0 = -4*f + q - 30. What is the remainder when (-16)/(-2)*(-4)/f is divided by 7/(-2)*(-12)/21?
0
Suppose 0 = r + 5*m - 66, -m = -3*r - 2*r + 252. Let w(f) = -f**3 + 5*f**2 + 2*f + 1. What is the remainder when r is divided by w(5)?
7
Let l = 1 - 6. Let v be (8/(-20))/(1/l). Suppose -v*d + 4*d = 74. What is the remainder when d is divided by 13?
11
Let i = 3 - 1. Suppose -i*a + 11 = -81. Calculate the remainder when a is divided by 16.
14
Let v = 45 - 35. What is the remainder when v is divided by 6?
4
Let n(b) = 13*b**2 - 4*b + 5. What is the remainder when n(2) is divided by 25?
24
What is the remainder when 40/12*5/((-20)/(-6)) is divided by 3?
2
Suppose 13*l - 10*l = 66. What is the remainder when 87 is divided by l?
21
Calculate the remainder when (6/(-9))/(4/(-30)) is divided by 2.
1
Let i(y) be the first derivative of -2*y**2 + 1 - 1/3*y**3 - y. Calculate the remainder when 5 is divided by i(-3).
1
Suppose q = 3*q. Suppose q = 4*g + 141 - 497. Calculate the remainder when g is divided by 23.
20
Let b be (1 - -4)*(7 - 18). Calculate the remainder when b/(-3) - 5/15 is divided by 4.
2
Suppose -3*j - 2*j - 100 = -3*o, -4*o + 2*j + 110 = 0. Let g = -13 + o. Calculate the remainder when 23 is divided by g.
11
Calculate the remainder when 0 - -54 - (2 - 3) is divided by 28.
27
Let i(p) be the second derivative of p**4/12 + p**3 + 7*p**2/2 - 2*p. Calculate the remainder when i(5) is divided by 16.
14
Suppose -5*m - 19 = -y - m, -17 = -2*y + m. Suppose -y - 8 = -5*z. Calculate the remainder when 6 is divided by z.
0
Suppose b - 2*y - 2 = 0, 0 = -5*b - 3*y + 28 - 83. Let v = 13 + b. Calculate the remainder when 13 is divided by v.
3
Let a = 2 - 2. Suppose 2*r = -p - 0 - 2, a = 4*p + r - 6. What is the remainder when 5 is divided by p?
1
Suppose 3*i + 28 = n, i - 124 = -5*n - 0*n. Calculate the remainder when 48 is divided by n.
23
What is the remainder when -2*(27/(-6))/(-3) + 14 is divided by 9?
2
Let g = 22 + -14. What is the remainder when 7 is divided by -2*6/g*-2?
1
Suppose 12 = w + 3*w. Suppose -2*s - w*l = -13 - 11, 12 = 3*l. What is the remainder when s is divided by 4?
2
Suppose 0 = -2*x + 4 - 0. Suppose -x*q + 30 = 6. What is the remainder when 46 is divided by q?
10
What is the remainder when -2 + (2 + -3)*-40 is divided by 10?
8
Suppose -53 = -3*u - p, 0 = 5*u - u + 3*p - 74. Calculate the remainder when 66 is divided by u.
15
Suppose 4*k - 34 = 42. Calculate the remainder when k is divided by 10.
9
Let l(y) = 40*y. Suppose r + 4 = -0, 4*u - 3*r - 24 = 0. Let z be l(u). Suppose 0 = -3*x - 2*x + z. What is the remainder when x is divided by 13?
11
Let c(m) = 2*m**2 - 5*m - 1. Let b be c(3). Suppose -b*d + 14 = -14. Let k = -51 - -77. What is the remainder when k is divided by d?
12
Suppose 3*b = 4*j - 13 - 78, 0 = 4*j + 5*b - 83. Suppose -3*a + 44 = -2*w, 